36 and 6228.
36
What is the greatest common factor of 380 and 2840?
20
What is the highest common divisor of 1799 and 63?
7
Calculate the greatest common divisor of 234 and 126.
18
What is the highest common divisor of 474 and 158?
158
What is the highest common divisor of 102 and 357?
51
What is the highest common factor of 1808 and 1243?
113
Calculate the greatest common divisor of 1267 and 259.
7
What is the greatest common factor of 105 and 24?
3
What is the highest common divisor of 330 and 66?
66
What is the highest common divisor of 3 and 369?
3
Calculate the highest common divisor of 2336 and 146.
146
What is the highest common factor of 96 and 2976?
96
What is the highest common factor of 126 and 336?
42
What is the highest common divisor of 140 and 245?
35
Calculate the greatest common divisor of 25 and 6725.
25
What is the highest common divisor of 20 and 180?
20
What is the highest common divisor of 21 and 51?
3
Calculate the greatest common factor of 22 and 8.
2
What is the greatest common divisor of 8925 and 34?
17
Calculate the highest common divisor of 21 and 6.
3
Calculate the greatest common factor of 65 and 1105.
65
Calculate the highest common factor of 1638 and 2574.
234
What is the highest common factor of 90 and 60?
30
Calculate the greatest common divisor of 14 and 406.
14
What is the highest common divisor of 75295 and 55?
55
What is the greatest common divisor of 246 and 410?
82
Calculate the greatest common divisor of 600 and 2880.
120
Calculate the highest common factor of 291 and 35599.
97
What is the greatest common factor of 29 and 87?
29
What is the highest common factor of 4158 and 147?
21
Calculate the highest common divisor of 60 and 177.
3
Calculate the highest common divisor of 78 and 182.
26
Calculate the greatest common factor of 400 and 50.
50
Calculate the greatest common factor of 1218 and 231.
21
What is the highest common factor of 260 and 25220?
260
Calculate the greatest common divisor of 1395 and 450.
45
Calculate the greatest common factor of 984 and 72.
24
Calculate the highest common factor of 174 and 4089.
87
What is the greatest common factor of 180 and 36?
36
What is the highest common divisor of 8645 and 380?
95
What is the greatest common factor of 95 and 1121?
19
Calculate the greatest common factor of 32 and 848.
16
What is the highest common divisor of 1883 and 7?
7
What is the highest common divisor of 121 and 44?
11
Calculate the greatest common divisor of 46 and 506.
46
What is the greatest common factor of 80 and 6960?
80
Calculate the highest common factor of 48547 and 43.
43
Calculate the greatest common factor of 45 and 5.
5
What is the greatest common factor of 72 and 40?
8
Calculate the highest common divisor of 667 and 207.
23
Calculate the greatest common divisor of 39 and 3341.
13
What is the greatest common factor of 81 and 891?
81
What is the highest common factor of 30 and 20?
10
What is the highest common divisor of 96 and 24?
24
Calculate the highest common divisor of 24 and 1308.
12
Calculate the greatest common divisor of 119 and 63.
7
Calculate the greatest common factor of 55 and 440.
55
What is the greatest common divisor of 12 and 1200?
12
Calculate the highest common divisor of 168 and 56.
56
Calculate the highest common factor of 83 and 83.
83
Calculate the greatest common divisor of 3703 and 161.
161
Calculate the highest common divisor of 4 and 38.
2
Calculate the greatest common divisor of 143 and 351.
13
What is the highest common factor of 1157 and 377?
13
What is the greatest common divisor of 130 and 1625?
65
Calculate the greatest common divisor of 174 and 100746.
174
Calculate the greatest common factor of 408 and 102.
102
What is the greatest common factor of 84 and 280?
28
Calculate the greatest common divisor of 22253 and 77.
77
Calculate the highest common factor of 51944 and 344.
344
What is the highest common divisor of 19 and 76?
19
Calculate the greatest common factor of 1044 and 396.
36
Calculate the greatest common divisor of 483 and 345.
69
Calculate the greatest common divisor of 1086 and 6.
6
What is the greatest common factor of 7 and 5803?
7
What is the highest common divisor of 6 and 915?
3
Calculate the greatest common factor of 21 and 357.
21
Calculate the greatest common factor of 68 and 289.
17
What is the greatest common divisor of 67 and 603?
67
What is the greatest common divisor of 252 and 140?
28
Calculate the greatest common factor of 122 and 32147.
61
What is the greatest common divisor of 1264 and 64?
16
Calculate the highest common factor of 378 and 84.
42
Calculate the greatest common factor of 1645 and 140.
35
Calculate the greatest common divisor of 14507 and 623.
89
Calculate the greatest common divisor of 15 and 23145.
15
What is the highest common factor of 18 and 450?
18
Calculate the highest common divisor of 2470 and 260.
130
Calculate the highest common factor of 23 and 368.
23
What is the highest common divisor of 134 and 7303?
67
Calculate the greatest common factor of 1452 and 330.
66
Calculate the highest common factor of 120 and 18120.
120
Calculate the greatest common divisor of 1099 and 11147.
157
What is the highest common divisor of 141 and 611?
47
What is the greatest common factor of 135 and 870?
15
What is the greatest common factor of 106 and 29998?
106
What is the highest common factor of 2080 and 1152?
32
Calculate the highest common factor of 280 and 616.
56
What is the highest common factor of 456 and 88?
8
What is the greatest common factor of 3 and 1047?
3
What is the highest common divisor of 6141 and 69?
69
What is the highest common factor of 308 and 28?
28
What is the greatest common divisor of 240 and 75?
15
What is the greatest common divisor of 55 and 3905?
55
What is the greatest common divisor of 2585 and 66?
11
Calculate the highest common divisor of 324 and 1212.
12
What is the greatest common factor of 2250 and 81?
9
Calculate the greatest common factor of 11076 and 994.
142
Calculate the greatest common divisor of 204 and 276.
12
Calculate the greatest common factor of 84 and 28.
28
What is the highest common divisor of 26 and 39?
13
Calculate the highest common divisor of 307 and 121879.
307
Calculate the highest common divisor of 2959 and 33.
11
What is the highest common divisor of 854 and 2806?
122
Calculate the highest common divisor of 1120 and 96.
32
What is the greatest common factor of 15 and 1185?
15
What is the greatest common divisor of 156 and 6708?
156
What is the greatest common divisor of 1 and 305?
1
Calculate the greatest common divisor of 105 and 15.
15
Calculate the highest common divisor of 760 and 475.
95
What is the greatest common factor of 143 and 44?
11
What is the highest common divisor of 516 and 348?
12
What is the highest common divisor of 27 and 135?
27
What is the highest common divisor of 24 and 1016?
8
What is the highest common factor of 11926 and 134?
134
Calculate the greatest common divisor of 459 and 34.
17
What is the greatest common factor of 39 and 143?
13
What is the greatest common divisor of 341 and 279?
31
What is the greatest common factor of 189 and 36?
9
Calculate the highest common factor of 52 and 2509.
13
What is the highest common factor of 28479 and 66?
33
What is the greatest common factor of 96 and 16464?
48
Calculate the highest common divisor of 34 and 272.
34
Calculate the highest common factor of 368 and 322.
46
What is the highest common factor of 22 and 1562?
22
What is the greatest common divisor of 104 and 78?
26
What is the highest common factor of 8 and 214?
2
Calculate the highest common divisor of 370 and 90.
10
Calculate the greatest common factor of 39015 and 255.
255
Calculate the highest common divisor of 11 and 1.
1
What is the greatest common factor of 15480 and 2880?
360
What is the greatest common factor of 116 and 1566?
58
What is the greatest common divisor of 950 and 25?
25
What is the highest common divisor of 4 and 98?
2
What is the greatest common divisor of 203 and 203?
203
What is the greatest common factor of 317 and 2536?
317
Calculate the highest common divisor of 663 and 51.
51
What is the greatest common divisor of 47 and 16873?
47
What is the highest common factor of 2303 and 47?
47
What is